{"id":2802,"date":"2020-04-14T09:24:54","date_gmt":"2020-04-14T07:24:54","guid":{"rendered":"https:\/\/www.tkreher.de\/kaffanero\/?page_id=2802"},"modified":"2022-11-09T09:25:35","modified_gmt":"2022-11-09T08:25:35","slug":"datenschutzerklaerung","status":"publish","type":"page","link":"https:\/\/zusammenhalt-feuerwehr.de\/einfache-sprache\/datenschutzerklaerung\/","title":{"rendered":"Datenschutzerkl\u00e4rung"},"content":{"rendered":"<div class=\"fusion-fullwidth fullwidth-box fusion-builder-row-1 nonhundred-percent-fullwidth non-hundred-percent-height-scrolling\" style=\"background-color: #ffffff;background-position: center center;background-repeat: no-repeat;padding-top:0px;padding-right:0px;padding-bottom:0px;padding-left:0px;margin-bottom: 0px;margin-top: 0px;border-width: 0px 0px 0px 0px;border-color:#eae9e9;border-style:solid;\" ><div class=\"fusion-builder-row fusion-row\"><div class=\"fusion-layout-column fusion_builder_column fusion-builder-column-0 fusion_builder_column_1_1 1_1 fusion-one-full fusion-column-first fusion-column-last\" style=\"margin-top:0px;margin-bottom:0px;\"><div class=\"fusion-column-wrapper fusion-flex-column-wrapper-legacy\" style=\"background-position:left top;background-blend-mode: overlay;background-repeat:no-repeat;-webkit-background-size:cover;-moz-background-size:cover;-o-background-size:cover;background-size:cover;padding: 0px 0px 0px 0px;\"><div class=\"fusion-text fusion-text-1\"><h1>Datenschutzerkl\u00e4rung<\/h1>\n<p>Im Rahmen der Nutzung unserer Webseite werden Ihre personenbezogenen Daten (nachfolgend nur \u201eDaten\u201c) verarbeitet. Zu den Daten k\u00f6nnen beispielsweise Ihr Name, Ihre Adresse, E-Mail-Adresse, sowie weitere Angaben zu Ihrer Person z\u00e4hlen. <br \/>Eine Verarbeitung stellt hierbei im Grunde jeder Art und Weise des Umgangs mit diesen Daten dar.<\/p>\n<p>Im Folgenden erhalten Sie daher Information zur Verarbeitung Ihrer Daten im Rahmen der Nutzung von https:\/\/www.lfv-sachsen.deauf Grundlage der Bestimmungen der Datenschutz-Grundverordnung (DS-GVO) sowie der geltenden Bundes- und Landesdatenschutzgesetze. Zwecke und Rechtsgrundlagen unserer Datenverarbeitung<\/p>\n<p><strong> Newsletter<\/strong> <br \/>Wir verarbeiten auch Daten, um Ihnen aufgrund einer von Ihnen ggf. abgegebenen Einwilligung in den Versand von Newslettern E-Mails zuzusenden. Rechtsgrundlage f\u00fcr die Verarbeitung dieser Daten ist Ihre Einwilligung gem\u00e4\u00df Art. 6 Abs. 1 S. 1 a) DSGVO. Sie k\u00f6nnen Ihre Einwilligung jederzeit widerrufen, und somit die L\u00f6schung Ihrer Daten bewirken. E-Mail-Kontakt An verschiedenen Stellen der Website ist eine Kontaktaufnahme \u00fcber die bereitgestellte E-Mail-Adresse m\u00f6glich. Es findet hierbei eine Speicherung der \u00fcbermittelten personenbezogenen Daten, insbesondere der E-Mail-Adresse selbst, statt. Eine Weitergabe dieser Daten an Dritte erfolgt nicht. Die Daten werden ausschlie\u00dflich f\u00fcr die Verarbeitung der Anfrage verwendet. Rechtsgrundlage f\u00fcr die Verarbeitung der Daten ist Art. 6 Absatz 1 Satz 1 f DSGVO. Das berechtigte Interesse an der Verarbeitung der Daten liegt in der Durchf\u00fchrung des Kontaktes. Eine L\u00f6schung der Daten erfolgt nach Wegfall des Zweckes oder Beendigung der Kommunikation. Erfolgt im Zuge der Kommunikation ein Angebotsprozess, werden die verarbeiteten Daten nach Ablauf der hierf\u00fcr vorgesehenen Aufbewahrungsfristen gel\u00f6scht. IT-Sicherheit Schlie\u00dflich verarbeiten wir auch in Ihrem und unserem Interesse Daten, um die Integrit\u00e4t, Vertraulichkeit und Verf\u00fcgbarkeit der datenverarbeitenden Systeme, d.h. insbesondere die Sicherheit und Verf\u00fcgbarkeit Ihrer Daten bei https:\/\/www.lfv-sachsen.de zu gew\u00e4hrleisten. <br \/>Die Nutzung unserer Webseite ohne Verarbeitung von Daten zu diesem Zweck ist nicht m\u00f6glich. Rechtsgrundlage f\u00fcr die Verarbeitung dieser Daten ist Art. 6 Abs. 1 S. 1 f) DSGVO; unser berechtigtes Interesse besteht in der Aufrechterhaltung und sicheren Erbringung unserer Dienstleitungen. Datenweitergabe \u00fcber die Grenzen der EU hinaus Die von uns erhobenen Daten werden ausschlie\u00dflich auf Servern in der Europ\u00e4ischen Union gespeichert. Eine \u00dcbermittlung von Daten an Unternehmen au\u00dferhalb der Europ\u00e4ischen Union erfolgt nicht ohne Ihre ausdr\u00fcckliche Zustimmung. Dies gilt auch f\u00fcr von uns zur Datenverarbeitung beauftragte Dienstleister. <br \/>Datenempf\u00e4nger Wir werden Ihre Daten aufgrund unseres Vertrags mit Ihnen oder aufgrund Ihrer Einwilligung nur \u00fcber eine gesicherte Verbindung an die von Ihnen ausgew\u00e4hlten Empf\u00e4nger \u00fcbermitteln oder von diesen erhalten. Damit wir Ihnen alle Funktionen bei https:\/\/www.lfv-sachsen.de anbieten k\u00f6nnen, bedienen wir uns auch ausgew\u00e4hlten Dienstleister, die in unserem Auftrag und Namen Daten verarbeiten. Wir geben dabei Daten nur im Rahmen einer gesetzlich zul\u00e4ssigen Auftragsverarbeitung an von uns sorgf\u00e4ltig ausgew\u00e4hlte und schriftlich beauftragte Dienstleister weiter. Diese empfangen nur diejenigen Daten, die f\u00fcr die Erf\u00fcllung des Auftrages notwendig sind. Hierzu z\u00e4hlen folgende Kategorien von Auftragnehmern: Softwareentwickler, Hoster von Servern, Newsletterversender, Kundensupport, Webanalysedienst. Dauer der Datenspeicherung Ihre angegebenen Daten zu Herstellung des Kontakts werden von uns so lange gespeichert, wie der Kontakt zwischen Ihnen und https:\/\/www.lfv-sachsen.de besteht. Falls anschlie\u00dfend ein Vertragsverh\u00e4ltnis entsteht, werden die daf\u00fcr notwendigen Daten weiter gespeichert. Ansonsten werden Ihre Daten nach dem Wegfall des Zweckes, zu dem sie verarbeitet wurden, gel\u00f6scht. Rechtsgrundlage f\u00fcr die Speicherung Ihrer Daten zur Kontaktaufnahme ist Art. 6 Abs. 1 S.1 b) DSGVO, bzw. Art. 6 Abs. 1 S.1 f) DSGVO, da auf unserer Seite ein berechtigtes Interesse besteht, Sie pers\u00f6nlich und individuell kontaktieren zu k\u00f6nnen. Sollte anschlie\u00dfend ein Vertrag zustande kommen, ist Art. 6 Abs. 1 S.1 b) DSGVO Rechtsgrundlage f\u00fcr die weitere Speicherung Ihrer Daten zur Vertragsdurchf\u00fchrung. Verwendung von Cookies Die Webseite verwendet Cookies. Cookies sind kleine Textdateien, die \u00fcber den Browser auf Ihrem Endger\u00e4t gespeichert werden und ein Wiederkennen bei einem nachfolgenden Besuch erm\u00f6glichen. Dies geschieht mittels einer Cookie-ID, einer eindeutig identifizierbaren Nummer, die viele Cookies verwenden. Durch den Einsatz der Cookies wird eine nutzerfreundlichere Nutzung unserer Internetseite erm\u00f6glicht. Zu Beginn des Besuchs dieser Website werden Sie gefragt, ob Sie der Verwendung von Cookies zustimmen. Sie k\u00f6nnen Ihren Browser so einstellen, dass Sie \u00fcber das Setzen von Cookies informiert werden und Cookies nur im Einzelfall erlauben. Oder Sie schlie\u00dfen Cookies f\u00fcr bestimmte F\u00e4lle oder generell aus. Weiterhin k\u00f6nnen Sie das automatische L\u00f6schen der Cookies beim Schlie\u00dfen des Browsers aktivieren. Sollten Sie der Verwendung von Cookies nicht zustimmen oder diese in Ihrem Browser deaktiviert haben, kann die Funktionalit\u00e4t der Website jedoch eingeschr\u00e4nkt sein. Verschiedene Plug-Ins dieser Seite verwenden Cookies. Wie Sie die einzelnen Plug-Ins an der Verwendung von Cookies hindern, ist in den jeweiligen Plug-In Beschreibungen in dieser Erkl\u00e4rung zu entnehmen. Wenn Sie der Ansicht sind, dass die Verarbeitung der von Ihnen gespeicherten personenbezogenen Daten gegen die DSGVO verst\u00f6\u00dft, k\u00f6nnen Sie sich mit einer Beschwerde an eine Aufsichtsbeh\u00f6rde, insbesondere in dem Mitgliedstaat Ihres Aufenthaltsorts, Ihres Arbeitsplatzes oder des Orts des mutma\u00dflichen Versto\u00dfes wenden. Die f\u00fcr uns zust\u00e4ndige Aufsichtsbeh\u00f6rde ist folgende: S\u00e4chsischer Datenschutzbeauftragter Devrientstra\u00dfe 5 01067 Dresden Postanschrift: Postfach 11 01 32 01330 Dresden<\/p>\n<p><strong>Facebook Fanpage<\/strong> <br \/>Als Betreiber dieser Fanpage ist auch der Landesfeuerwehrverband Sachsen e. V. Verantwortlicher im Sinne des Datenschutzrechts. Dies bedeutet, dass auch der Landesfeuerwehrverband Sachsen e. V. daf\u00fcr einstehen muss, dass Ihre Daten \u00fcber diese Fanpage rechtm\u00e4\u00dfig verarbeitet werden und dass Sie Ihre Rechte bez\u00fcglich Ihrer Daten auch gegen\u00fcber dem der Landesfeuerwehrverband Sachsen e. V. aus\u00fcben k\u00f6nnen. Daten \u00fcber Sie k\u00f6nnen \u00fcber die Fanpage durch Cookies erfasst werden, unabh\u00e4ngig davon, ob Sie ein Facebook-Konto haben oder nicht. Bei Cookies handelt es sich um Datenpakete, die die Computer, Smartphones und sonstigen Endger\u00e4te des Nutzers mit einer bestimmten Kennung markieren. Sie werden regelm\u00e4\u00dfig beim Besuch einer Facebook-Seite, darunter auch dieser Fanpage, auf dem Endger\u00e4t des Nutzers gespeichert. \u00dcber den Einsatz dieser Cookies entscheidet alleine Facebook. Der Landesfeuerwehrverband Sachsen e. V. hat hierauf keinen Einfluss. Rechtsgrundlage f\u00fcr das Setzen von Cookies ist Ihre Einwilligung, die Sie durch die Nutzung der Facebook-Webseiten erteilen. Cookies werden vor allem gesetzt, um den Besuchern der Facebook-Webseiten, darunter auch einer Fanpage, personalisierte Werbung anzeigen zu k\u00f6nnen. Dies geschieht dadurch, dass dem Nutzer auf Facebook (d.h. auch auf der Fanpage) Anzeigen von Werbepartnern von Facebook angezeigt werden, deren Webseiten der Nutzer zuvor besucht hat. Daneben erm\u00f6glichen es Cookies, Statistiken \u00fcber die Nutzung einer Fanpage zu erstellen, sodass Facebook und der Landesfeuerwehrverband Sachsen e. V. die Nutzung einer Fanpage nachvollziehen k\u00f6nnen. Die Erfassung Ihrer Daten durch Cookies im Rahmen der Nutzung der Fanpage ist weder gesetzlich noch vertraglich vorgeschrieben. Auch ist dies nicht f\u00fcr einen Vertragsschluss erforderlich. Eine Verpflichtung zur \u00dcbermittlung Ihrer Daten an Facebook besteht daher nicht. Die Nicht\u00fcbermittlung Ihrer Daten (z.B. durch Blockieren von Cookies) hat jedoch zur Folge, dass wir Ihnen die Fanpage nicht oder nur eingeschr\u00e4nkt anbieten k\u00f6nnen. Ihre Daten k\u00f6nnen durch die Cookies an Facebook Inc. in den USA weitergegeben werden. Facebook ist f\u00fcr den EU-US-Privacy-Shield zertifiziert, d.h. Facebook muss Nutzern in Europa gegen\u00fcber einen Datenschutzstandard einhalten, der von der Europ\u00e4ischen Kommission f\u00fcr mit dem europ\u00e4ischen Standard vergleichbar befunden wurde. Daneben kann Facebook Cookies von Drittanbietern setzen. Diese sind unter https:\/\/www.facebook.com\/policies\/cookies\/ aufgelistet. Deren Cookie-Richtlinien ergeben sich aus ihren jeweiligen Webseiten. Sie k\u00f6nnen von Landesfeuerwehrverband Sachsen e. V. hinsichtlich der Sie betreffenden personenbezogenen Daten Auskunft in Form einer Kopie der personenbezogenen Daten und der dazugeh\u00f6rigen Informationen, Bereitstellung in einem strukturierten und maschinenlesbaren Format, im Falle ihrer Unrichtigkeit deren Berichtigung, insbesondere im Falle des Widerrufs Ihrer Einwilligung oder der Erledigung ihres Zwecks die L\u00f6schung sowie in bestimmten F\u00e4llen die Einschr\u00e4nkung ihrer Verarbeitung verlangen und der Verwendung Ihrer Daten f\u00fcr Zwecke der Direktwerbung jederzeit widersprechen. Die Einwilligungserkl\u00e4rung zur Speicherung, Verarbeitung und Verwendung Ihrer Daten durch Cookies im Rahmen der Nutzung der Fanpage k\u00f6nnen Sie jederzeit mit Wirkung f\u00fcr die Zukunft widerrufen. Die bis zum Widerruf erfolgte Verarbeitung bleibt in diesem Fall rechtm\u00e4\u00dfig. Rechtsgrundlage f\u00fcr die Verarbeitung dieser Daten ist Art. 6 Abs. 1 S. 1 f) DSGVO; unser berechtigtes Interesse besteht in der sicheren und f\u00fcr Sie m\u00f6glichst komfortablen Erbringung unserer Dienstleitungen. Weitere Details zum Einsatz von Cookies durch Facebook k\u00f6nnen Sie in der Datenrichtlinie und der Cookie-Richtlinie von Facebook nachlesen. Die Vereinbarung zur gemeinsamen Verantwortlichkeit nach Art. 26 DSGVO finden Sie hier https:\/\/www.facebook.com\/legal\/terms\/page_controller_addendum. Diese Vereinbarung wurde in dieser Form von Facebook Irland Ltd. zur Verf\u00fcgung gestellt und wir als Nutzer der Fanpages, akzeptieren Sie durch die Nutzung von Facebook.<\/p>\n<p><strong>Youtube<\/strong> <br \/>Wir nutzen f\u00fcr die Einbindung von Videos den Anbieter YouTube. YouTube wird betrieben von YouTube LLC mit Hauptgesch\u00e4ftssitz in 901 Cherry Avenue, San Bruno, CA 94066, USA. YouTube wird vertreten durch Google Inc. mit Sitz in 1600 Amphitheater Parkway, Mountain View, CA 94043, USA. Auf einigen unserer Internetseiten verwenden wir Plug-Ins des Anbieters YouTube. Wenn Sie die mit einem solchen Plug-In versehenen Internetseiten unserer Webseite aufrufen, wird eine Verbindung zu den YouTube-Servern hergestellt und dabei das Plug-In dargestellt. Hierdurch wird Ihre IP-Adresse an den YouTube-Server \u00fcbermittelt, und eine Information, welche unserer Internetseiten Sie besucht haben. Sind Sie dabei als Mitglied bei YouTube eingeloggt, ordnet YouTube diese Information Ihrem pers\u00f6nlichen Benutzerkonto zu. Bei Nutzung des Plug-Ins wie z.B. Anklicken des Start-Buttons eines Videos wird diese Information ebenfalls Ihrem Benutzerkonto zugeordnet. Sie k\u00f6nnen diese Zuordnung verhindern, indem Sie sich vor der Nutzung unserer Internetseite aus ihrem YouTube-Benutzerkonto, sowie anderen Benutzerkonten der Firmen YouTube LLC und Google Inc. abmelden und die entsprechenden Cookies der Firmen l\u00f6schen. Weitere Informationen zu Youtube und den Datenschutzeinstellungen entnehmen Sie bitte den Datenschutzhinweisen (https:\/\/policies.google.com\/privacy?hl=de) und den Nutzungsbedingungen (https:\/\/www.google.com\/analytics\/terms\/de.html) von Google Inc. Rechtsgrundlage f\u00fcr die Verarbeitung dieser Daten ist Art. 6 Abs. 1 S. 1 f) DSGVO; unser berechtigtes Interesse besteht in der sicheren und f\u00fcr Sie m\u00f6glichst komfortablen Erbringung unserer Dienstleitungen.<\/p>\n<p><!-- \/wp:paragraph --><\/p>\n<p><strong>NUTZUNG DER BLOG-FUNKTIONEN<\/strong><\/p>\n<p>Wir nutzen Blogs oder vergleichbare Mittel der Onlinekommunikation und Publikation (nachfolgend \u201ePublikationsmedium\u201c). Die Daten der Leser werden f\u00fcr die Zwecke des Publikationsmediums nur insoweit verarbeitet, als es f\u00fcr dessen Darstellung und die Kommunikation zwischen Autoren und Lesern oder aus Gr\u00fcnden der Sicherheit erforderlich ist. Im \u00dcbrigen verweisen wir auf die Informationen zur Verarbeitung der Besucher unseres Publikationsmediums im Rahmen dieser Datenschutzhinweise.<br \/>Kommentare und Beitr\u00e4ge: Wenn Nutzer Kommentare oder sonstige Beitr\u00e4ge hinterlassen, k\u00f6nnen ihre IP-Adressen auf Grundlage unserer berechtigten Interessen (Art. 6 Abs. 1 S. 1 lit. f DSGVO) gespeichert werden. Das erfolgt zu unserer Sicherheit, falls jemand in Kommentaren und Beitr\u00e4gen widerrechtliche Inhalte hinterl\u00e4sst (Beleidigungen, verbotene politische Propaganda etc.). In diesem Fall k\u00f6nnen wir selbst f\u00fcr den Kommentar oder Beitrag belangt werden und sind daher an der Identit\u00e4t des Verfassers interessiert. Wir empfehlen, ein Pseudonym statt Ihres Klarnamens zu verwenden. Die Angabe von Nutzernamen und E-Mail-Adresse ist erforderlich, alle weiteren Informationen sind freiwillig.<br \/>Des Weiteren behalten wir uns vor, auf Grundlage unserer berechtigten Interessen die Angaben der Nutzer zwecks Spamerkennung zu verarbeiten. Auf derselben Rechtsgrundlage behalten wir uns vor, im Fall von Umfragen die IP-Adressen der Nutzer f\u00fcr deren Dauer zu speichern und Cookies zu verwenden, um Mehrfachabstimmungen zu vermeiden.<br \/>Die im Rahmen der Kommentare und Beitr\u00e4ge mitgeteilten Informationen zur Person, etwaige Kontakt- sowie Webseiteninformationen als auch die inhaltlichen Angaben werden von uns bis zum Widerspruch der Nutzer dauerhaft gespeichert.<\/p>\n<p><span style=\"color: var(--body_typography-color); font-family: var(--body_typography-font-family); font-size: var(--body_typography-font-size); font-style: var(--body_typography-font-style,normal); letter-spacing: var(--body_typography-letter-spacing);\"><b>Google Fonts<\/b><\/span><\/p>\n<p>Wir nutzen Google Fonts der Google Inc. Verantwortlich innerhalb des europ\u00e4ischen Raums ist das Unternehmen Google Ireland Ltd. (ans\u00e4ssig: Irland, Barrow Street Dublin 4, Gordon House). Die Schriftarten von Google werden dabei lokal, also auf unserem Webserver bei Alfahosting und damit nicht auf den Servern von Google \u2013 gespeichert und von diesem eingebunden. Es erfolgt also keine Daten\u00fcbertragung oder eine Datenspeicherung zu\/auf Google \u2013 Servern im Zusammenhang mit der Schriftarten-Nutzung.<\/p>\n<p><!-- \/wp:paragraph --><\/p>\n<p><strong>Datensicherheit<\/strong> <br \/>S\u00e4mtliche bei uns oder etwaigen Auftragsverarbeitern gespeicherten Daten werden unter Anwendung aktueller Sicherheitsstandards gegen unbefugten Zugriff, Verlust und Ver\u00e4nderung gesch\u00fctzt. Hierzu werden umfangreiche technische und organisatorische Sicherheitsvorkehrungen mit einem Standard angewendet, der mindestens den gesetzlichen Vorgaben entspricht. Ihre Rechte und Beschwerdem\u00f6glichkeiten Sie haben gegen\u00fcber uns folgende Rechte hinsichtlich der Sie betreffenden Daten:<\/p>\n<p><strong>Recht auf Auskunft:<\/strong> Sie haben das Recht, eine Auskunft von dem f\u00fcr die Verarbeitung Verantwortlichen \u00fcber Ihre gespeicherten personenbezogenen Daten zu erhalten. Diese Auskunft k\u00f6nnen Sie jederzeit und unentgeltlich geltend machen. Recht auf Berichtigung oder L\u00f6schung: Sie haben das Recht, eine unverz\u00fcgliche Richtigstellung oder Vervollst\u00e4ndigung, Sie betreffender personenbezogener Daten von dem Verantwortlichen zu verlangen. <br \/>Weiterhin haben Sie unter Umst\u00e4nden das Recht, die L\u00f6schung Ihrer personenbezogenen Daten von dem f\u00fcr die Verarbeitung Verantwortlichen zu verlangen.<\/p>\n<p><strong>Recht auf Einschr\u00e4nkung der Verarbeitung:<\/strong> Sie haben unter Umst\u00e4nden das Recht, die Einschr\u00e4nkung der Verarbeitung Ihrer personenbezogenen Daten durch den Verantwortlichen zu verlangen. <br \/><strong><br \/>Recht auf Widerruf Ihrer Einwilligung:<\/strong> Sie k\u00f6nnen von Ihnen erteilte Einwilligungen, zur Verarbeitung Ihrer personenbezogenen Daten durch den Verantwortlichen, jederzeit widerrufen. Recht auf Widerspruch gegen die Verarbeitung: Sie k\u00f6nnen der Verarbeitung Ihrer personenbezogenen Daten, aus Gr\u00fcnden, die sich aus Ihrer besonderen Situation ergeben, jederzeit widersprechen. Ihre Daten werden dann nicht mehr verarbeitet.<\/p>\n<p><strong>Quiz Plugin<\/strong><\/p>\n<p><!-- \/wp:paragraph --><\/p>\n<p><!-- wp:paragraph --><\/p>\n<p>Wir nutzen das Plugin &#8222;Quiz Maker&#8220; von &#8222;ays-pro&#8220;. Es handelt sich um ein WordPress-Plugin. Die Entwickler haben keinen Zugriff auf unsere Daten und Datenbank. Bei der Nutzung und Durchf\u00fchrung dieses Quiz wird Ihre IP-Adresse gespeichert. Weitere pers\u00f6nliche Daten werden nicht erhoben und gespeichert.<\/p>\n<p><strong>WordPress<\/strong><\/p>\n<p>Die Datenschutzrichtlinien, welche Informationen WordPress sammelt und wie sie diese verwenden finden Sie auf <a href=\"https:\/\/wordpress.org\/about\/privacy\/\">https:\/\/wordpress.org\/about\/privacy\/<\/a><\/p>\n<p><strong>Recht auf Daten\u00fcbertragbarkeit:<\/strong> Sie haben das Recht, bereitgestellte personenbezogene Daten, in einem strukturierten, g\u00e4ngigen und maschinenlesbaren Format zu erhalten. Weiterhin k\u00f6nnen Sie die \u00dcbermittlung Ihrer personenbezogenen Daten an einen anderen Verantwortlichen verlangen. Sie k\u00f6nnen s\u00e4mtliche dieser Rechte geltend machen, indem Sie sich unter datenschutz@lfv-sachsen.de an unsere Datenschutzbeauftragte wenden.<br \/>(2) Sie haben zudem das Recht, sich bei einer Datenschutz-Aufsichtsbeh\u00f6rde \u00fcber die Verarbeitung Ihrer personenbezogenen Daten durch uns zu beschweren.<\/p>\n<p><!-- wp:paragraph --><\/p>\n<p>Sie k\u00f6nnen s\u00e4mtliche dieser Rechte geltend machen, indem Sie sich unter datenschutz@lfv-sachsen.de an <strong>unsere Datenschutzbeauftragte<\/strong> wenden.<\/p>\n<p><!-- \/wp:paragraph --><\/p>\n<p><!-- wp:paragraph --><\/p>\n<p>(2) Sie haben zudem das Recht, sich bei einer Datenschutz-Aufsichtsbeh\u00f6rde \u00fcber die Verarbeitung Ihrer personenbezogenen Daten durch uns zu beschweren.<\/p>\n<p><!-- \/wp:paragraph --><\/p>\n<p><!-- wp:paragraph --><\/p>\n<p><strong>Verantwortliche Stelle<\/strong><\/p>\n<p><!-- \/wp:paragraph --><\/p>\n<p><!-- wp:paragraph --><\/p>\n<p>Verantwortlich f\u00fcr die Datenverarbeitung im Sinne des Datenschutzrechts ist die:<br \/><strong>Firma:<\/strong> Landesfeuerwehrverband Sachsen e.V.<br \/><strong>Anschrift:<\/strong> Wiener Stra\u00dfe 146, 01219 Dresden <br \/><strong>Telefon:<\/strong> +49 351 25093800<br \/><strong>Fax:<\/strong> +49 351 25093809<br \/><strong>E-Mail:<\/strong> info@lfv-sachsen.de<\/p>\n<p><strong>Datenschutzbeauftragte<\/strong><\/p>\n<p><!-- \/wp:paragraph --><\/p>\n<p><!-- wp:paragraph --><\/p>\n<p>Bei Fragen zum Datenschutz wenden Sie sich auch gerne an unseren Datenschutzbeauftragten unter<\/p>\n<p><!-- \/wp:paragraph --><\/p>\n<p><!-- wp:paragraph --><\/p>\n<p><strong>Name: Franziska Niemann <br \/>E-Mail:<\/strong> datenschutz@lfv-sachsen.de<\/p>\n<p><!-- \/wp:paragraph --><\/p>\n<\/div><div class=\"fusion-clearfix\"><\/div><\/div><\/div><\/div><\/div>","protected":false},"excerpt":{"rendered":"","protected":false},"author":11,"featured_media":0,"parent":0,"menu_order":0,"comment_status":"closed","ping_status":"closed","template":"","meta":{"footnotes":""},"_links":{"self":[{"href":"https:\/\/zusammenhalt-feuerwehr.de\/einfache-sprache\/wp-json\/wp\/v2\/pages\/2802"}],"collection":[{"href":"https:\/\/zusammenhalt-feuerwehr.de\/einfache-sprache\/wp-json\/wp\/v2\/pages"}],"about":[{"href":"https:\/\/zusammenhalt-feuerwehr.de\/einfache-sprache\/wp-json\/wp\/v2\/types\/page"}],"author":[{"embeddable":true,"href":"https:\/\/zusammenhalt-feuerwehr.de\/einfache-sprache\/wp-json\/wp\/v2\/users\/11"}],"replies":[{"embeddable":true,"href":"https:\/\/zusammenhalt-feuerwehr.de\/einfache-sprache\/wp-json\/wp\/v2\/comments?post=2802"}],"version-history":[{"count":4,"href":"https:\/\/zusammenhalt-feuerwehr.de\/einfache-sprache\/wp-json\/wp\/v2\/pages\/2802\/revisions"}],"predecessor-version":[{"id":4611,"href":"https:\/\/zusammenhalt-feuerwehr.de\/einfache-sprache\/wp-json\/wp\/v2\/pages\/2802\/revisions\/4611"}],"wp:attachment":[{"href":"https:\/\/zusammenhalt-feuerwehr.de\/einfache-sprache\/wp-json\/wp\/v2\/media?parent=2802"}],"curies":[{"name":"wp","href":"https:\/\/api.w.org\/{rel}","templated":true}]}}