{"id":4922,"date":"2023-11-29T11:14:00","date_gmt":"2023-11-29T10:14:00","guid":{"rendered":"https:\/\/zusammenhalt-feuerwehr.de\/?post_type=tribe_events&#038;p=4922"},"modified":"2023-11-29T11:14:00","modified_gmt":"2023-11-29T10:14:00","slug":"feuerwehr-nein-danke-fuehrung-und-motivation-der-generation-z-onlineseminar-2","status":"publish","type":"tribe_events","link":"https:\/\/zusammenhalt-feuerwehr.de\/einfache-sprache\/event\/feuerwehr-nein-danke-fuehrung-und-motivation-der-generation-z-onlineseminar-2\/","title":{"rendered":"Feuerwehr &#8211; Nein, danke! F\u00fchrung und Motivation der Generation Z &#8211; Onlineseminar"},"content":{"rendered":"<p>Referenten: UDT Fire &amp; Rescue Akademie<\/p>\n<p>Oft wirkt es so, als ticken \u201ealle unter 25\u201c irgendwie anders &#8211; die sogenannte Generation Z. Was macht diese Generation so besonders? Und warum ist es wichtig, sich speziell mit ihr auseinanderzusetzen? Welche Erwartungen hat sie? Und wie nutze ich diese, um sie zu motivieren?<\/p>\n<p>Die\u00a0 Jungen hinterfragen alles und h\u00e4ngen den ganzen Tag am Smartphone rum. Woran liegt es, dass die sogenannte Generation Z die Autorit\u00e4t nicht mehr akzeptiert? Warum bleiben sie gleich weg, wenn Kritik ge\u00e4u\u00dfert wird? Welche M\u00f6glichkeiten gibt es, dem entgegenzuwirken? Wie kann ich diese Generation daf\u00fcr gewinnen, motiviert an der Ausbildung mitzuwirken? Und wie vermeide ich Generationenkonflikte mit anderen Teilnehmenden?<\/p>\n<p>Findet heraus, wie man die\u00a0\u201eJungen\u201c erfolgreich f\u00fchrt\u00a0und einbezieht, damit die Feuerwehren auch in der Zukunft eine starke und best\u00e4ndige Mannschaft zur Verf\u00fcgung stehen haben. Es geht um Vorbeugung, damit der Nachwuchs nicht abwandert.<\/p>\n<p>Inhalte:<\/p>\n<ul>\n<li>Einordnung der verschiedenen Generationen (Boomer, X, Y und Z): Werte, Pr\u00e4gungen, Verhalten<\/li>\n<li>Ausblick auf die folgenden Generationen<\/li>\n<li>Vergleich Generation Y und Z<\/li>\n<li>Merkmale und Motivatoren der Generation Z<\/li>\n<li>Besonderheiten in der F\u00fchrung der Generation Z<\/li>\n<li>Auswirkungen auf die Organisationen und BOS im Speziellen<\/li>\n<\/ul>\n<p>Was kann man mitnehmen:<\/p>\n<ul>\n<li>Generation Z in der eigenen Organisation \u2013 Verbindungen schaffen zwischen den verschiedenen Generationen<\/li>\n<li>Chancen und Herausforderungen im Umgang mit der Generation Z<\/li>\n<li>konkrete Empfehlungssammlung f\u00fcr den Umgang mit der Generation Z<\/li>\n<\/ul>\n<p>Anmeldung: <a href=\"https:\/\/eveeno.com\/667949758\">https:\/\/eveeno.com\/667949758<\/a><\/p>\n","protected":false},"excerpt":{"rendered":"<p>Referenten: UDT Fire &amp; Rescue Akademie Oft wirkt es so, [&hellip;]<\/p>\n","protected":false},"author":12,"featured_media":0,"comment_status":"closed","ping_status":"closed","template":"","meta":{"_tribe_events_status":"","_tribe_events_status_reason":"","footnotes":""},"tags":[],"tribe_events_cat":[],"_links":{"self":[{"href":"https:\/\/zusammenhalt-feuerwehr.de\/einfache-sprache\/wp-json\/wp\/v2\/tribe_events\/4922"}],"collection":[{"href":"https:\/\/zusammenhalt-feuerwehr.de\/einfache-sprache\/wp-json\/wp\/v2\/tribe_events"}],"about":[{"href":"https:\/\/zusammenhalt-feuerwehr.de\/einfache-sprache\/wp-json\/wp\/v2\/types\/tribe_events"}],"author":[{"embeddable":true,"href":"https:\/\/zusammenhalt-feuerwehr.de\/einfache-sprache\/wp-json\/wp\/v2\/users\/12"}],"replies":[{"embeddable":true,"href":"https:\/\/zusammenhalt-feuerwehr.de\/einfache-sprache\/wp-json\/wp\/v2\/comments?post=4922"}],"version-history":[{"count":1,"href":"https:\/\/zusammenhalt-feuerwehr.de\/einfache-sprache\/wp-json\/wp\/v2\/tribe_events\/4922\/revisions"}],"predecessor-version":[{"id":4923,"href":"https:\/\/zusammenhalt-feuerwehr.de\/einfache-sprache\/wp-json\/wp\/v2\/tribe_events\/4922\/revisions\/4923"}],"wp:attachment":[{"href":"https:\/\/zusammenhalt-feuerwehr.de\/einfache-sprache\/wp-json\/wp\/v2\/media?parent=4922"}],"wp:term":[{"taxonomy":"post_tag","embeddable":true,"href":"https:\/\/zusammenhalt-feuerwehr.de\/einfache-sprache\/wp-json\/wp\/v2\/tags?post=4922"},{"taxonomy":"tribe_events_cat","embeddable":true,"href":"https:\/\/zusammenhalt-feuerwehr.de\/einfache-sprache\/wp-json\/wp\/v2\/tribe_events_cat?post=4922"}],"curies":[{"name":"wp","href":"https:\/\/api.w.org\/{rel}","templated":true}]}}

Feuerwehr &#8211; Nein, danke! Führung und Motivation der Generation Z &#8211; Onlineseminar

<p>Referenten: UDT Fire &amp; Rescue Akademie</p>
<p>Oft wirkt es so, als ticken „alle unter 25“ irgendwie anders &#8211; die sogenannte Generation Z. Was macht diese Generation so besonders? Und warum ist es wichtig, sich speziell mit ihr auseinanderzusetzen? Welche Erwartungen hat sie? Und wie nutze ich diese, um sie zu motivieren?</p>
<p>Die  Jungen hinterfragen alles und hängen den ganzen Tag am Smartphone rum. Woran liegt es, dass die sogenannte Generation Z die Autorität nicht mehr akzeptiert? Warum bleiben sie gleich weg, wenn Kritik geäußert wird? Welche Möglichkeiten gibt es, dem entgegenzuwirken? Wie kann ich diese Generation dafür gewinnen, motiviert an der Ausbildung mitzuwirken? Und wie vermeide ich Generationenkonflikte mit anderen Teilnehmenden?</p>
<p>Findet heraus, wie man die „Jungen“ erfolgreich führt und einbezieht, damit die Feuerwehren auch in der Zukunft eine starke und beständige Mannschaft zur Verfügung stehen haben. Es geht um Vorbeugung, damit der Nachwuchs nicht abwandert.</p>
<p>Inhalte:</p>
<ul>
<li>Einordnung der verschiedenen Generationen (Boomer, X, Y und Z): Werte, Prägungen, Verhalten</li>
<li>Ausblick auf die folgenden Generationen</li>
<li>Vergleich Generation Y und Z</li>
<li>Merkmale und Motivatoren der Generation Z</li>
<li>Besonderheiten in der Führung der Generation Z</li>
<li>Auswirkungen auf die Organisationen und BOS im Speziellen</li>
</ul>
<p>Was kann man mitnehmen:</p>
<ul>
<li>Generation Z in der eigenen Organisation – Verbindungen schaffen zwischen den verschiedenen Generationen</li>
<li>Chancen und Herausforderungen im Umgang mit der Generation Z</li>
<li>konkrete Empfehlungssammlung für den Umgang mit der Generation Z</li>
</ul>
<p>Anmeldung: <a href="https://eveeno.com/667949758">https://eveeno.com/667949758</a></p>
