{"id":4924,"date":"2023-11-29T11:18:25","date_gmt":"2023-11-29T10:18:25","guid":{"rendered":"https:\/\/zusammenhalt-feuerwehr.de\/?post_type=tribe_events&#038;p=4924"},"modified":"2023-11-29T11:18:25","modified_gmt":"2023-11-29T10:18:25","slug":"kommunikation-und-deeskalation-im-einsatzgeschehen-teil-ii","status":"publish","type":"tribe_events","link":"https:\/\/zusammenhalt-feuerwehr.de\/einfache-sprache\/event\/kommunikation-und-deeskalation-im-einsatzgeschehen-teil-ii\/","title":{"rendered":"Kommunikation und Deeskalation im Einsatzgeschehen &#8211; Teil II"},"content":{"rendered":"<p>Dieses Seminar geht um Strategien f\u00fcr den Umgang mit potenziell eskalierenden und\/oder gewaltt\u00e4tigen Einsatzsituationen. Das Seminar erm\u00f6glicht den Teilnehmenden, Rahmenbedingungen und Einflussfaktoren f\u00fcr Gefahren zu erkennen und einzusch\u00e4tzen, um sich entsprechend verhalten zu k\u00f6nnen. Es geht darum, die eigene Sicherheit in kritischen Situationen zu erh\u00f6hen.<\/p>\n<p><strong>Beschreibung<\/strong><\/p>\n<p>Immer wieder kommt es im Einsatzgeschehen zu Situationen, die nicht rein einsatztaktisch zu bew\u00e4ltigen sind, sondern auch menschliches und kommunikatives R\u00fcstzeug erfordern. Das kann beim Wortgefecht beginnen und sich bis zu k\u00f6rperlichen \u00dcbergriffen steigern. Solche Situationen werden im Seminar analysiert. Es geht darum, zu trainieren, wie man mit diesen Situationen umgeht und die Gefahr f\u00fcr sich oder andere verringert oder komplett ausr\u00e4umt. Das Seminar besch\u00e4ftigt sich auch mit den eigenen Reaktionen auf solche Situationen und mit denen der anderen Beteiligten. Anhand praktischer Beispiele werden m\u00f6gliche Abl\u00e4ufe erarbeitet und trainiert.<\/p>\n<p><strong>Inhalt<\/strong><\/p>\n<ul>\n<li>Wie entsteht Gewalt und was beeinflusst die Entstehung?<\/li>\n<li>Wie erkenne ich kritisches, potenziell gef\u00e4hrliches Verhalten und wie gehe ich damit um?<\/li>\n<li>Wie sch\u00fctze ich mich selbst in solchen Situationen?<\/li>\n<li>Welche Instrumente und Mittel stehen mir zur Deeskalation zur Verf\u00fcgung und wie setze ich sie ein?<\/li>\n<li>Wie gehe ich mit meinen eigenen Emotionen in diesen Situationen um?<\/li>\n<li>Welche Strategien kann ich f\u00fcr mich griffbereit haben und im Fall der F\u00e4lle nutzen?<\/li>\n<\/ul>\n<p><strong>Umfang: \u00a0\u00a0\u00a0<\/strong>\u00a0 \u00a0 \u00a0Tagesseminar, 09:00 \u2013 16:00 Uhr<\/p>\n<p><strong>Seminarort:<\/strong>\u00a0 \u00a0Dresden<\/p>\n<p><strong>Datum:\u00a0 \u00a0<\/strong>\u00a0 \u00a0 \u00a0 \u00a0 \u00a013.05.2023<\/p>\n<p><strong>Anmeldung:\u00a0<\/strong>\u00a0<a href=\"https:\/\/eveeno.com\/280846041\"> https:\/\/eveeno.com\/280846041<\/a><\/p>\n<p>&nbsp;<\/p>\n<p><img decoding=\"async\" class=\"alignnone size-medium wp-image-4744\" src=\"https:\/\/zusammenhalt-feuerwehr.de\/wp-content\/uploads\/2023\/01\/ZT_22_zusamm_Reihe_rgb-300x91.jpg\" alt=\"\" width=\"300\" height=\"91\" srcset=\"https:\/\/zusammenhalt-feuerwehr.de\/wp-content\/uploads\/2023\/01\/ZT_22_zusamm_Reihe_rgb-18x5.jpg 18w, https:\/\/zusammenhalt-feuerwehr.de\/wp-content\/uploads\/2023\/01\/ZT_22_zusamm_Reihe_rgb-200x60.jpg 200w, https:\/\/zusammenhalt-feuerwehr.de\/wp-content\/uploads\/2023\/01\/ZT_22_zusamm_Reihe_rgb-300x91.jpg 300w, https:\/\/zusammenhalt-feuerwehr.de\/wp-content\/uploads\/2023\/01\/ZT_22_zusamm_Reihe_rgb-400x121.jpg 400w, https:\/\/zusammenhalt-feuerwehr.de\/wp-content\/uploads\/2023\/01\/ZT_22_zusamm_Reihe_rgb-600x181.jpg 600w, https:\/\/zusammenhalt-feuerwehr.de\/wp-content\/uploads\/2023\/01\/ZT_22_zusamm_Reihe_rgb-768x232.jpg 768w, https:\/\/zusammenhalt-feuerwehr.de\/wp-content\/uploads\/2023\/01\/ZT_22_zusamm_Reihe_rgb-800x242.jpg 800w, https:\/\/zusammenhalt-feuerwehr.de\/wp-content\/uploads\/2023\/01\/ZT_22_zusamm_Reihe_rgb-1024x309.jpg 1024w, https:\/\/zusammenhalt-feuerwehr.de\/wp-content\/uploads\/2023\/01\/ZT_22_zusamm_Reihe_rgb-1200x362.jpg 1200w, https:\/\/zusammenhalt-feuerwehr.de\/wp-content\/uploads\/2023\/01\/ZT_22_zusamm_Reihe_rgb-1536x464.jpg 1536w\" sizes=\"(max-width: 300px) 100vw, 300px\" \/><\/p>\n","protected":false},"excerpt":{"rendered":"<p>Dieses Seminar geht um Strategien f\u00fcr den Umgang mit potenziell [&hellip;]<\/p>\n","protected":false},"author":12,"featured_media":0,"comment_status":"open","ping_status":"closed","template":"","meta":{"_tribe_events_status":"","_tribe_events_status_reason":"","footnotes":""},"tags":[],"tribe_events_cat":[],"_links":{"self":[{"href":"https:\/\/zusammenhalt-feuerwehr.de\/einfache-sprache\/wp-json\/wp\/v2\/tribe_events\/4924"}],"collection":[{"href":"https:\/\/zusammenhalt-feuerwehr.de\/einfache-sprache\/wp-json\/wp\/v2\/tribe_events"}],"about":[{"href":"https:\/\/zusammenhalt-feuerwehr.de\/einfache-sprache\/wp-json\/wp\/v2\/types\/tribe_events"}],"author":[{"embeddable":true,"href":"https:\/\/zusammenhalt-feuerwehr.de\/einfache-sprache\/wp-json\/wp\/v2\/users\/12"}],"replies":[{"embeddable":true,"href":"https:\/\/zusammenhalt-feuerwehr.de\/einfache-sprache\/wp-json\/wp\/v2\/comments?post=4924"}],"version-history":[{"count":1,"href":"https:\/\/zusammenhalt-feuerwehr.de\/einfache-sprache\/wp-json\/wp\/v2\/tribe_events\/4924\/revisions"}],"predecessor-version":[{"id":4925,"href":"https:\/\/zusammenhalt-feuerwehr.de\/einfache-sprache\/wp-json\/wp\/v2\/tribe_events\/4924\/revisions\/4925"}],"wp:attachment":[{"href":"https:\/\/zusammenhalt-feuerwehr.de\/einfache-sprache\/wp-json\/wp\/v2\/media?parent=4924"}],"wp:term":[{"taxonomy":"post_tag","embeddable":true,"href":"https:\/\/zusammenhalt-feuerwehr.de\/einfache-sprache\/wp-json\/wp\/v2\/tags?post=4924"},{"taxonomy":"tribe_events_cat","embeddable":true,"href":"https:\/\/zusammenhalt-feuerwehr.de\/einfache-sprache\/wp-json\/wp\/v2\/tribe_events_cat?post=4924"}],"curies":[{"name":"wp","href":"https:\/\/api.w.org\/{rel}","templated":true}]}}

<p>Dieses Seminar geht um Strategien für den Umgang mit potenziell eskalierenden und/oder gewalttätigen Einsatzsituationen. Das Seminar ermöglicht den Teilnehmenden, Rahmenbedingungen und Einflussfaktoren für Gefahren zu erkennen und einzuschätzen, um sich entsprechend verhalten zu können. Es geht darum, die eigene Sicherheit in kritischen Situationen zu erhöhen.</p>
<p><strong>Beschreibung</strong></p>
<p>Immer wieder kommt es im Einsatzgeschehen zu Situationen, die nicht rein einsatztaktisch zu bewältigen sind, sondern auch menschliches und kommunikatives Rüstzeug erfordern. Das kann beim Wortgefecht beginnen und sich bis zu körperlichen Übergriffen steigern. Solche Situationen werden im Seminar analysiert. Es geht darum, zu trainieren, wie man mit diesen Situationen umgeht und die Gefahr für sich oder andere verringert oder komplett ausräumt. Das Seminar beschäftigt sich auch mit den eigenen Reaktionen auf solche Situationen und mit denen der anderen Beteiligten. Anhand praktischer Beispiele werden mögliche Abläufe erarbeitet und trainiert.</p>
<p><strong>Inhalt</strong></p>
<ul>
<li>Wie entsteht Gewalt und was beeinflusst die Entstehung?</li>
<li>Wie erkenne ich kritisches, potenziell gefährliches Verhalten und wie gehe ich damit um?</li>
<li>Wie schütze ich mich selbst in solchen Situationen?</li>
<li>Welche Instrumente und Mittel stehen mir zur Deeskalation zur Verfügung und wie setze ich sie ein?</li>
<li>Wie gehe ich mit meinen eigenen Emotionen in diesen Situationen um?</li>
<li>Welche Strategien kann ich für mich griffbereit haben und im Fall der Fälle nutzen?</li>
</ul>
<p><strong>Umfang:    </strong>     Tagesseminar, 09:00 – 16:00 Uhr</p>
<p><strong>Seminarort:</strong>   Dresden</p>
<p><strong>Datum:   </strong>         13.05.2023</p>
<p><strong>Anmeldung: </strong> <a href="https://eveeno.com/280846041"> https://eveeno.com/280846041</a></p>
<p>&nbsp;</p>
<p><img decoding="async" class="alignnone size-medium wp-image-4744" src="https://zusammenhalt-feuerwehr.de/wp-content/uploads/2023/01/ZT_22_zusamm_Reihe_rgb-300x91.jpg" alt="" width="300" height="91" srcset="https://zusammenhalt-feuerwehr.de/wp-content/uploads/2023/01/ZT_22_zusamm_Reihe_rgb-18x5.jpg 18w, https://zusammenhalt-feuerwehr.de/wp-content/uploads/2023/01/ZT_22_zusamm_Reihe_rgb-200x60.jpg 200w, https://zusammenhalt-feuerwehr.de/wp-content/uploads/2023/01/ZT_22_zusamm_Reihe_rgb-300x91.jpg 300w, https://zusammenhalt-feuerwehr.de/wp-content/uploads/2023/01/ZT_22_zusamm_Reihe_rgb-400x121.jpg 400w, https://zusammenhalt-feuerwehr.de/wp-content/uploads/2023/01/ZT_22_zusamm_Reihe_rgb-600x181.jpg 600w, https://zusammenhalt-feuerwehr.de/wp-content/uploads/2023/01/ZT_22_zusamm_Reihe_rgb-768x232.jpg 768w, https://zusammenhalt-feuerwehr.de/wp-content/uploads/2023/01/ZT_22_zusamm_Reihe_rgb-800x242.jpg 800w, https://zusammenhalt-feuerwehr.de/wp-content/uploads/2023/01/ZT_22_zusamm_Reihe_rgb-1024x309.jpg 1024w, https://zusammenhalt-feuerwehr.de/wp-content/uploads/2023/01/ZT_22_zusamm_Reihe_rgb-1200x362.jpg 1200w, https://zusammenhalt-feuerwehr.de/wp-content/uploads/2023/01/ZT_22_zusamm_Reihe_rgb-1536x464.jpg 1536w" sizes="(max-width: 300px) 100vw, 300px" /></p>

<p>Dieses Seminar geht um Strategien für den Umgang mit potenziell [&hellip;]</p>
